n 254 is divided by o.
50
Suppose -5*f + 1 = 2*k - k, -2*k = 4*f - 14. What is the remainder when 18 is divided by k?
7
Let n(q) = -q**2 + 5*q. Let w be n(4). What is the remainder when (2 + -3)/((-1)/27) is divided by 3 + -14*(-2)/w?
7
Suppose 6*h - 3*h - 201 = -2*i, -9 = -3*i. What is the remainder when h is divided by 34?
31
Let l(y) = -y**3 + 5*y**2 + 2*y - 6. Let m be l(5). Let h(s) = 3*s + 4 - 1 - 2. Calculate the remainder when 38 is divided by h(m).
12
Suppose -3*b = -8*b + 285. Suppose 5*o - 2*o - b = 0. Calculate the remainder when o is divided by 7.
5
Let o = 9 - -13. Calculate the remainder when 174 is divided by o.
20
Calculate the remainder when 181 is divided by (-552)/24*(-3 + (-1 - -2)).
43
What is the remainder when 8 is divided by 1*(-4 + -2 + 11)?
3
Let v = -9 - -11. Suppose -100 = -v*x - 16. Suppose 2*h + 2*h - 60 = 0. What is the remainder when x is divided by h?
12
Let m = 5 - 17. Calculate the remainder when 13 is divided by 6/m - (-9)/2.
1
Calculate the remainder when 114 is divided by (145/10*-2)/(-1).
27
Let z = 4 - 4. Let k be z + -1*(0 - -2). Let t = k + 4. What is the remainder when t is divided by 1?
0
Suppose 0*h = -2*t + h + 11, -18 = -3*t + h. Calculate the remainder when t is divided by 3.
1
Let u(z) = -z**2 - 9*z - 13. Calculate the remainder when 52 is divided by u(-4).
3
Suppose -q = 2*b + 5, 3*q + 3*b = -q + 5. Let a = 20 - 18. What is the remainder when q is divided by a?
1
Let k = 7 - -24. Suppose -3*a + 4*a = 11. Calculate the remainder when k is divided by a.
9
Suppose 0 = -2*h - 2*h - 32. Let u be 2*(-6)/h*2. Suppose -5*l + 5*n + 80 = 0, -l + u*n + 14 = 4*n. Calculate the remainder when 44 is divided by l.
14
Let j(p) = p**3 + 5*p**2 - 4. Suppose 0 = 2*c + 3 + 5. What is the remainder when 21 is divided by j(c)?
9
Let y be 0 + 2 + -1 - -4. Suppose -4*s + 7 = -y. What is the remainder when 7 is divided by s?
1
Let x be ((0 - 0) + 1)*0. Suppose 0 = 2*g - u - 9, -8 = -5*g - 2*u + 10. Suppose g*k - 18 - 2 = x. What is the remainder when 13 is divided by k?
3
Let o(m) = 5*m**2 - m + 7. Let z be o(-6). Suppose 5*y = -20, y + 3*y + z = 3*w. What is the remainder when w is divided by 20?
19
Suppose 5*f + 190 = 5*o, 3*f = 3*o - 5*o + 76. Suppose 5*u - 40 = 3*u. Calculate the remainder when o is divided by u.
18
Suppose -5*t = -2*t - 27. Let g(i) = 3 + t*i - 2 + 4*i. What is the remainder when g(2) is divided by 7?
6
Calculate the remainder when (-62)/(-2) + (-6 - -4) is divided by 10.
9
Let t(j) = j**3 - 9*j**2 - 10*j + 3. Let k be t(10). Let g be -3 + 7 + 1 - k. Calculate the remainder when 3 - -48 - (g + -5) is divided by 19.
16
Let z(h) = -8*h + 2. Let i be z(6). Let o = i - -66. Suppose 5*m = -25, 5*t - 18 - 52 = 3*m. Calculate the remainder when o is divided by t.
9
Suppose z = 2*g - z - 12, 0 = 3*g + 3*z. Calculate the remainder when 19 + 6*g/6 is divided by (-2)/(-1 - 5/(-6)).
10
Let o = -3 - -3. Let r = o + 3. What is the remainder when r is divided by 4*1*(-3)/(-6)?
1
Let w(y) = y - 3. Let m be w(4). Suppose -4*g + 4*z = -76, -z + 2*z + 38 = 2*g. Calculate the remainder when g is divided by (6 + m - 0) + -2.
4
Suppose -5*m - 13 = -33. Suppose 0 = -0*q - m*q + 96. What is the remainder when q is divided by 13?
11
Let l(q) = -q + 1. Let o be l(-2). Suppose -o*i + 21 = -18. Suppose 3*s + i = 40. Calculate the remainder when 25 is divided by s.
7
Suppose 2*b - 10 = b. Calculate the remainder when 13 is divided by (2/(-5))/((-1)/b).
1
Calculate the remainder when 134 is divided by 31 - (2 + -2 - 3).
32
Suppose 4 = 3*t - 5. Suppose -4*h + 63 + 33 = 0. Suppose -l + h = t*l. What is the remainder when 23 is divided by l?
5
Suppose 8*f - 3*f = 2*i - 36, 3*i + 5*f - 54 = 0. What is the remainder when i is divided by 10?
8
Let g(x) = 11*x**2 - 10*x + 7. Let c(l) = 5*l**2 - 5*l + 3. Let h(o) = -9*c(o) + 4*g(o). Calculate the remainder when 14 is divided by h(4).
4
Let r(z) = -2*z**3 - 5*z**2 - 7*z + 3. What is the remainder when 92 is divided by r(-3)?
26
Suppose 3*z - p - 59 = -2*p, 2*z - 42 = -2*p. Suppose -5*i + 79 = -106. Calculate the remainder when i is divided by z.
18
Let m(v) = 6*v - 33. What is the remainder when m(11) is divided by 5?
3
Suppose 2*j + 11 = 97. What is the remainder when j is divided by 11?
10
Suppose 0 = -y + 3*y - 6. Suppose 4 = y*a - j - 15, 3*a - 16 = -2*j. Calculate the remainder when 28 is divided by a.
4
Suppose -7*l + 3*l + 4*s + 4 = 0, 3*s - 37 = -5*l. Suppose 4*y - 9 = -l. Calculate the remainder when y is divided by 1.
0
Suppose 0*n = 5*n + 15. Suppose 117*w + 52 = 121*w. What is the remainder when w is divided by (1 - n)*10/8?
3
What is the remainder when 15/(-6)*(-4 + 3 + -21) is divided by 29?
26
Let q(x) = -x**2 - 3*x + 3. Let s be q(-4). Let p = 4 + s. Suppose v - 13 = -p*f, 0 = -4*f - v + 2*v + 22. Calculate the remainder when 17 is divided by f.
2
Let l = -62 - -96. What is the remainder when 101 is divided by l?
33
Calculate the remainder when 152 is divided by 121/7 - (4 + (-78)/21).
16
Suppose -42 = -5*z + 2*z. Suppose -5*l = -2*g - 211, -2*l + 5*g - 53 = -150. What is the remainder when l is divided by z?
13
Suppose 2*j + 6 = -j. Let x be 14 + j + 4 + -2. Let z = x + -7. What is the remainder when z is divided by 5?
2
Let i be (-46)/(2 + 0)*4. Let y be i/(-12) + 2/6. Suppose -y + 2 = -l. Calculate the remainder when 17 is divided by l.
5
Suppose -4*f = 6 - 18. Suppose -5*t - 4*b = 2, f*t - b = 15 - 6. What is the remainder when 10/4 - (-1)/2 is divided by t?
1
Suppose 0 = 2*y, -y = -3*v - 0*v + 30. Suppose -5*c + 27 = -2*l, 3*l + v = 5*c - 13. Let k = -38 - -63. Calculate the remainder when k is divided by c.
4
Suppose -5*p + 3*j = -110, 3*j - 80 = p - 6*p. Calculate the remainder when 37 is divided by p.
18
Let o(p) = -p + 16. Let t = 7 - 21. Let f = 23 + t. Calculate the remainder when 19 is divided by o(f).
5
Suppose 2*w + 3*q - 34 = -3*w, -2*q = -5*w + 19. Suppose w*u = u + 72. Calculate the remainder when 35 is divided by u.
17
Let v = -94 + 162. Let g be 3/(-4 + (-279)/(-69)). Suppose 0 = 7*q - 4*q - g. Calculate the remainder when v is divided by q.
22
Suppose l + 25 = 2*l. Suppose -5*z = p - 33, -6*p = -3*p - 5*z - 19. Calculate the remainder when l is divided by p.
12
Let w = -32 + 46. Calculate the remainder when 68 is divided by w.
12
Let w(k) = k**3 + 7*k**2 - 8*k + 2. Let i be w(-8). Suppose 44 = -0*r + i*r. Let d = r - -15. Calculate the remainder when d is divided by 13.
11
What is the remainder when (9 - 12) + 33 + 0 is divided by 8?
6
Let n(y) = -2*y + 21. Calculate the remainder when n(0) is divided by 8.
5
What is the remainder when 6 is divided by (-2 - -1) + 2 + 6 + -1?
0
Let x be 1 + 0 + 6*-1. Let l = x - -8. Suppose 0 = -0*r + l*r + 3*u - 12, 5*r - u = 50. What is the remainder when 34 is divided by r?
7
Let f be (-1 - 54/(-4))*22. Suppose b + 2*u - 64 = 0, 0*b + 5*u = 5*b - f. Calculate the remainder when b is divided by 78/4 + (-3)/(-6).
18
Let y = -133 - -45. What is the remainder when 1/((20/y)/(-5)) is divided by 12?
10
Suppose 24 + 32 = m. Suppose -m = -3*t + t. Suppose -3*k + w = -21, -k = 3*k - 2*w - t. What is the remainder when 12 is divided by k?
5
Let f(c) = -c**3 - 14*c**2 + 14*c + 9. What is the remainder when f(-15) is divided by ((-28)/1)/(3 + -5)?
10
Let u(k) = 2*k + 3 - 5 - 3. Calculate the remainder when 30 is divided by u(8).
8
Let a(w) = -7*w + 6. Let h(v) = -6*v + 5. Let p(l) = -3*a(l) + 4*h(l). What is the remainder when p(-6) is divided by 7?
6
Let k = 4 - 0. What is the remainder when 34 is divided by ((-18)/8)/(k/(-16))?
7
Let q = 1 + 2. Let d = 1 - -1. Calculate the remainder when q is divided by d.
1
Let q = 70 + -140. Let f = -33 - q. Suppose -5*z - c + 0*c = -98, 0 = -4*z + 2*c + 70. Calculate the remainder when f is divided by z.
18
Let a(g) = -g**3 + 5*g**2 + 2*g - 6. Let t be a(5). Suppose 0 = 4*w - 8*w. Suppose w = -z + 14 + t. Calculate the remainder when z is divided by 7.
4
Let v(c) = c**3 + 31*c**2 + 31*c + 34. Calculate the remainder when 39 is divided by v(-30).
3
Suppose -3*z - 2 - 1 = 3*a, z - 5 = a. Let g(l) = 11*l + 1. Calculate the remainder when g(z) is divided by 13.
10
Let c = 50 + -30. Suppose 5*f = -0*f - c, 5*b - 71 = -f. Suppose 68 - 25 = n. Calculate the remainder when n is divided by 